 + g, -3*j = 3*c - 21. What is the units digit of c?
6
Let b be 1904 + 4/(-1 - 1). Suppose 5922 - b = 5*g. What is the hundreds digit of g?
8
Suppose -14*z + 8 = -16*z, x - 15277 = 4*z. What is the tens digit of x?
6
Suppose -3*s = -6, 4*r = 2*r - 5*s + 38. Suppose -16*a + r*a = -1160. What is the tens digit of a?
8
Let q(s) = 32*s - 29. Let m be q(12). Let o(h) = 4*h**2 - 5*h**2 - 13 - m*h + 374*h. What is the units digit of o(12)?
1
Let c = 12600 - 7528. What is the hundreds digit of c?
0
Let z(r) = -137*r - 46. Let c(l) = -4*l + 74. Let q be c(20). What is the units digit of z(q)?
6
Let z(p) = -p**3 + 3*p**2 - 6*p - 2. Let a be z(9). Let y = -164 - a. What is the units digit of y?
8
Let h = 101659 + -51740. What is the ten thousands digit of h?
4
Let q = 1134 - 454. Suppose 0 = -r - 7*n + 3*n + 161, -q = -5*r + 5*n. What is the units digit of r?
1
Suppose -5*w + 5436 = -3*a - 75578, -4*a - 16196 = -w. What is the ten thousands digit of w?
1
Let g be (1/(-3))/(14/(-42)). What is the tens digit of (-71)/g*-1 - (1 - 4)?
7
Let q be (56 + (1 - 1))/(1/14). Suppose 6*j = 4*w + 2*j - q, 5*j + 596 = 3*w. What is the units digit of w?
2
Let i = 142 + -77. Suppose -3*n - 10*n + i = 0. Suppose 4*x + y - 405 = -x, n*y = 4*x - 353. What is the tens digit of x?
8
Let w be -18*(4 + 13/(-3)). Suppose 2*k - 4*j + 20 = 0, -k - 7 = -3*j + w. What is the tens digit of (0 - -2) + 42 - k?
4
What is the hundreds digit of (28/(-42))/(-5 - 1566644/(-174072) - 4)?
0
Suppose q - 8 = -4*p, -40 = -8*q + 3*q - p. Suppose -q*k = -3 + 51. What is the tens digit of -3 - ((-1)/k - (-8015)/(-30))?
6
Suppose 0 = 47*z - 43*z + 5*k - 54394, 5*z - k - 68007 = 0. What is the hundreds digit of z?
6
Let l = 57 - 50. Suppose l*h + 866 = 2*q + 3*h, -2*h - 860 = -2*q. What is the hundreds digit of q?
4
Let c = -471 + 726. Suppose -371 - 54 = 5*u - 4*m, -3*m = 3*u + c. Let h = u - -152. What is the units digit of h?
7
What is the units digit of 53142 - (-6)/(-3)*8/(-8)?
4
Let d = 36929 - 17217. What is the units digit of d?
2
Suppose -8*c + 3*c + 5*m = 25, -c = -4*m + 8. What is the tens digit of 5/10 + (-962)/c?
4
Suppose -14946*i - 311049 = -14965*i. What is the tens digit of i?
7
Suppose m + 17 = 5*w, -w - w - 3*m = 0. Suppose -5*b = -w*b - 8. Suppose b = 5*r - 41. What is the units digit of r?
9
Suppose 2*n + 20 = -3*n, -4*a = 4*n - 192680. What is the units digit of a?
4
Suppose -17*a + 132312 = 8*a + 86*a. What is the thousands digit of a?
1
Suppose 112*v + 241177 = 78*v + 989075. What is the hundreds digit of v?
9
Let o = -4775 - -8835. What is the units digit of o?
0
Let x(n) be the third derivative of -1/2*n**3 - 1/120*n**6 + 0*n - 7*n**2 - 7/24*n**4 + 0 - 7/30*n**5. What is the tens digit of x(-14)?
9
Suppose -3*t = 9, 3*i = 6*i - t - 15. Let f(c) = -3*c**3 + 12*c**2 + c - 6. Let p be f(i). What is the units digit of (3 - 1)*(p + (32 - -1))?
2
Suppose 2*j - 2*g = -0*j + 22802, -4*j - g + 45599 = 0. What is the tens digit of j?
0
What is the tens digit of ((25644/(-14))/(-3))/((-390)/(-2730))?
7
Let a(v) = -2. Let p(u) = 54*u - 23. Let h(q) = -6*a(q) + p(q). What is the tens digit of h(1)?
4
Suppose -5*b - 5*x = -13140, -4*b - 3*x + 2*x = -10512. Suppose 1935 = 9*k - b. Suppose -7*w = -10*w + k. What is the tens digit of w?
6
Let n = 100204 + -48086. What is the hundreds digit of n?
1
Let t = 59825 - 39365. What is the hundreds digit of t?
4
Let g(c) = -c**3 - 48*c**2 + 97*c + 102. Let f be g(-51). Let k = -2044 + f. What is the units digit of k?
4
Suppose 0 = 3*l - 6, l = -n - 4*l + 10. Suppose 3*b - 3682 = -5*m, -25 = -5*m - n. What is the tens digit of b?
1
Let k = 436 - 777. Let z = 1101 + k. What is the hundreds digit of z?
7
What is the hundreds digit of (-132)/24*2 - -516?
5
Suppose -o - 4*w - 357 = 0, -3*w - w + 1737 = -5*o. Let z = 734 + o. Let h = -272 + z. What is the tens digit of h?
1
Let f(a) be the second derivative of a**5/20 - a**4/2 - 5*a**3/3 + 9*a**2/2 + 49*a. Let g be 58/7 + 4/(-14). What is the units digit of f(g)?
7
Let g(h) = -2*h**2 + 52*h - 217. Let i(a) = a**2 - 26*a + 109. Let n(o) = 4*g(o) + 9*i(o). What is the tens digit of n(29)?
0
Let j = -1656 - -1754. Suppose 194 - 20 = -3*t. Let s = t + j. What is the units digit of s?
0
Let y = -388 + 393. Let r(s) = 26*s**2 - 13. What is the units digit of r(y)?
7
What is the tens digit of (9/(-12) - (-65)/(-52))*26238/(-4)?
1
Let j(s) = -1019*s + 713. What is the tens digit of j(-6)?
2
Let w(g) = -g**3 + 17*g**2 - 24*g + 11. What is the hundreds digit of w(10)?
4
Let v = 433 + -435. Let b(c) = -289*c + 22. What is the units digit of b(v)?
0
Let g = 120 - -48. What is the tens digit of (7/2 - 3)/(2/g)?
4
Suppose -16940 = -5*d + 12655. What is the hundreds digit of (-10)/40 - d/(-12)?
4
What is the tens digit of 3/(-165)*11 - (-151671)/5?
3
Let w(u) = -5*u - 50. Let s be w(-12). Suppose -s*d + 950 = -2200. What is the hundreds digit of d?
3
Let m(p) = 71*p**2 + 25*p - 88. What is the hundreds digit of m(-10)?
7
Let u = 28279 + -13024. What is the ten thousands digit of u?
1
Let l be (-9)/2*(-4 + 6/9). What is the units digit of (l - 13)*(-6)/(-4)?
3
Suppose -29*p + 33*p + 1938 = j, -j - 4*p = -1962. What is the hundreds digit of j/12 - (-15)/(-10)?
1
Let k = -14621 + 25832. What is the units digit of k?
1
Let g = -5558 + 6335. What is the tens digit of g?
7
Let g(q) = -62*q - 100. Let c be ((-1)/((-1)/12))/(6/(-9)). What is the thousands digit of g(c)?
1
Let k(x) = -241*x + 52. Let z be k(-6). Suppose 0 = 3*c - 17*c + z. Let u = 323 - c. What is the units digit of u?
6
Let s be (-5 - 17/(-3))*276. Let b = s + 258. What is the tens digit of b?
4
Let d(l) be the second derivative of -233*l**3/6 - 4*l**2 + 78*l. What is the units digit of d(-2)?
8
Let u = -230 + 232. What is the units digit of 1/u*814/11?
7
Suppose 61*c = 49*c + 24. Suppose 0 = -c*p - 4*o - 99 + 269, -5*p = 5*o - 420. What is the tens digit of p?
8
Let z be (-37 + 41)*918/8. Let w = -240 + z. What is the units digit of w?
9
Let j be (1 + -3)/(0 - 2) + 4. Suppose -j*v + 145 = -2*z + 3*z, z = 3*v + 161. What is the units digit of z?
5
Let y(u) = -3*u**3 + 2*u**2 - 18*u - 7. Let j be y(-5). Suppose -j = -17*c + 2858. What is the units digit of c?
8
Let u be -52 - (-1)/2*4. Let g = u - -53. Suppose -g*j = -226 - 89. What is the hundreds digit of j?
1
Suppose 4*h - 3*a - 80 = 0, 5*a + 26 = h - 11. Suppose 0 = 16*y - h*y + 1. What is the tens digit of (10 - 3)*(16 - 3)/y?
9
Suppose 4*s - 5*s + b + 1137 = 0, b = 5*s - 5677. Let p = -649 + s. Suppose 0 = -10*n + n + p. What is the tens digit of n?
5
Let g = 584 - 252. Suppose 2*k = 4*c + 164, 4*c = 5*k - k - g. What is the units digit of k?
4
Suppose 5*p - 52 - 43 = 5*q, 0 = p + 4*q - 29. Suppose p*h + 30 = 27*h. Suppose -8*j + h*w + 1325 = -3*j, 1328 = 5*j - 4*w. What is the tens digit of j?
6
What is the tens digit of (1/(-4))/((-5)/(-80)) - -5201?
9
Let o(x) = 357*x - 1764. What is the tens digit of o(5)?
2
Let d(n) = n**3 + 141*n**2 - 115*n - 1026. What is the units digit of d(-139)?
1
Let q be (-44 - -26)/((-2)/3). Suppose -28*y = -q*y + 4*s - 1088, 0 = -y - s + 1097. What is the tens digit of y?
0
Let l = -85 - -88. Suppose 4*k + 915 = 5*m, 2*k = -l*m - m - 464. Let b = -68 - k. What is the tens digit of b?
6
Let n(u) = 81*u**2 - 19*u + 16. Let a be n(-6). Suppose -2*l = 4*i - 1224, -5*l - i + a = -5*i. What is the tens digit of l?
1
Suppose -641970 - 16684 = -19*k. What is the hundreds digit of k?
6
Suppose 4*c = 5*s - 19, -5*s = -8*c + 3*c - 15. Suppose s*o + 117 = 1006. What is the hundreds digit of o?
1
Let j(h) = 24*h**3 + 4*h**2 - 3*h. Let i be j(2). Suppose 2*r + i - 1344 = 0. What is the units digit of r?
1
Let y = 119362 + -59394. What is the hundreds digit of y?
9
Let s be 759/(-132) - 5/4. Let a = 390 - s. What is the units digit of a?
7
Let b be 1*(-4 + -43)*1. Suppose -4*i - 29 = 327. Let m = b - i. What is the units digit of m?
2
Suppose -3*m + 8097 = -3*g - 6747, -4*m + 5*g = -19789. What is the tens digit of m?
5
Suppose -1109 - 1581 = -5*i - 3*w, -i + 538 = -w. Let z = i + -97. What is the tens digit of z?
4
What is the units digit of 5105 - (-6)/(-18)*-30?
5
Let f be (-35)/(-15) + -2 - 14/(-3). Suppose -t + 1105 = 5*j + 42, -2111 = -2*t + f*j. What is the units digit of t?
8